{"id":161,"date":"2020-02-06T18:21:12","date_gmt":"2020-02-06T15:21:12","guid":{"rendered":"http:\/\/www.takilta.fi\/?page_id=161"},"modified":"2021-02-15T19:04:36","modified_gmt":"2021-02-15T16:04:36","slug":"saannot","status":"publish","type":"page","link":"https:\/\/www.takilta.fi\/?page_id=161","title":{"rendered":"S\u00e4\u00e4nn\u00f6t"},"content":{"rendered":"<h1>S\u00e4\u00e4nn\u00f6t<\/h1>\n<p>Voimassaolevat s\u00e4\u00e4nn\u00f6t: 05.02.2021<\/p>\n<p>NIMI JA KOTIPAIKKA<\/p>\n<p>1 \u00a7<br \/>\nYhdistyksen nimi on TARKKA-AMPUJAKILTA ry ja sen kotipaikka on Helsinki. Yhdistyksest\u00e4 k\u00e4ytet\u00e4\u00e4n n\u00e4iss\u00e4 s\u00e4\u00e4nn\u00f6iss\u00e4 nimityst\u00e4 Kilta.<\/p>\n<p>TARKOITUS JA TOIMINTA<\/p>\n<p>2 \u00a7<br \/>\nKilta toimii valtakunnan virallisen turvallisuuspolitiikan periaatteiden mukaisesti. Se pyrkii kasvattamaan maanpuolustustahtoa, lis\u00e4\u00e4m\u00e4\u00e4n tarkka-ammuntatietoutta ja j\u00e4senten\u00a0sotilaallisia valmiuksia, edist\u00e4m\u00e4\u00e4n tarkka-ammuntaharrastusta sek\u00e4\u00a0tekem\u00e4\u00e4n tunnetuksi Suomen turvallisuuspolitiikan historiallista\u00a0taustaa ja nykyisyytt\u00e4. Toimintansa Kilta pyrkii ulottamaan mahdollisimman laajoihin kansalaispiireihin sukupuoleen, ik\u00e4\u00e4n ja<br \/>\nsotilasarvoon katsomatta. Lis\u00e4ksi Killan tarkoituksena on j\u00e4sentens\u00e4 yhdyssiteen\u00e4 toimiminen, tarkka-ammuntaperinteiden ja historiallisten muistojen vaaliminen sek\u00e4 yhteisty\u00f6n kehitt\u00e4minen muiden maanpuolustusj\u00e4rjest\u00f6jen kanssa. Tarkoituksensa<br \/>\ntoteuttamiseksi Kilta voi ker\u00e4t\u00e4 perinneaineistoa, harjoittaa julkaisutoimintaa sek\u00e4 j\u00e4rjest\u00e4\u00e4 juhla-, kokous-, esitelm\u00e4-, keskustelu, retkeily- ja tutustumistilaisuuksia. Kilta voi j\u00e4rjest\u00e4\u00e4<br \/>\nj\u00e4sentens\u00e4 kesken ampumakilpailuja, joissa k\u00e4ytet\u00e4\u00e4n joko r\u00e4j\u00e4hdyspanoksella tai paineilmalla toimivia aseita tai niihin verrattavia laitteita. Toimintansa tukemiseksi Kilta voi<br \/>\nasianmukaisen luvan saatuaan harjoittaa kioski-, elokuva- ja kustannustoimintaa, toimeenpanna arpajaisia ja ker\u00e4yksi\u00e4 sek\u00e4 juhlatilaisuuksia. Kilta voi vastaanottaa lahjoituksia ja testamentteja sek\u00e4 omistaa toimintaansa varten tarpeellista kiinte\u00e4t\u00e4 ja irtainta omaisuutta.<\/p>\n<p>J\u00c4SENET<\/p>\n<p>3 \u00a7<br \/>\nKillan varsinaiseksi j\u00e4seneksi voi p\u00e4\u00e4st\u00e4 sukupuoleen tai sotilasarvoon katsomatta jokainen v\u00e4hint\u00e4\u00e4n kahdeksantoista vuotta (18) t\u00e4ytt\u00e4nyt hyv\u00e4maineinen Suomen kansalainen, jonka Killan hallitus j\u00e4seneksi hyv\u00e4ksyy. Varsinaisen j\u00e4senen perheeseen kuuluvat muut henkil\u00f6t voidaan hyv\u00e4ksy\u00e4 perhej\u00e4senen\u00e4 Kiltaan samoin perustein kuin varsinaiset j\u00e4senet. Varsinaiselta ja perhej\u00e4senelt\u00e4 peritt\u00e4v\u00e4n vuotuisen j\u00e4senmaksun suuruudesta p\u00e4\u00e4tt\u00e4\u00e4 Killan syyskokous. Killan kokous voi hallituksen esityksest\u00e4 kutsua kunniaj\u00e4seneksi henkil\u00f6n, joka on toiminut erityisen ansiokkaasti Killan hyv\u00e4ksi tai merkitt\u00e4v\u00e4ll\u00e4 tavalla tukenut Killan toimintaa. J\u00e4sen voidaan kutsua kunniapuheenjohtajaksi, mik\u00e4li h\u00e4n on toiminut Killan hallituksen puheenjohtajana. Kunniapuheenjohtaja ja -j\u00e4sen ei\u00a0maksa j\u00e4senmaksua. Killan j\u00e4senet voivat hallituksen suostumuksella\u00a0muodostaa rekister\u00f6im\u00e4tt\u00f6mi\u00e4 paikallisosastoja Killan j\u00e4senten\u00a0keskin\u00e4ist\u00e4 yhteydenpitoa ja Killan tarkoitusperi\u00e4 edist\u00e4m\u00e4\u00e4n.\u00a0Kaikilla j\u00e4senill\u00e4 on \u00e4\u00e4nioikeus.<\/p>\n<p>4 \u00a7<br \/>\nJ\u00e4senen, joka haluaa erota killasta, on ilmoitettava siit\u00e4 kirjallisesti Killan hallitukselle tai sen puheenjohtajalle tai ilmoitettava siit\u00e4 Killan kokouksen p\u00f6yt\u00e4kirjaan, jolloin h\u00e4n vapautuu j\u00e4senyydest\u00e4 heti.<\/p>\n<p>Hallitus voi erottaa j\u00e4senen, joka toimii vastoin Killan s\u00e4\u00e4nt\u00f6j\u00e4 tai muutoin toiminnallaan<br \/>\nvahingoittaa Kiltaa tai sen ty\u00f6t\u00e4 tai p\u00e4\u00e4m\u00e4\u00e4ri\u00e4. J\u00e4senmaksun maksamatta j\u00e4tt\u00e4minen m\u00e4\u00e4r\u00e4p\u00e4iv\u00e4\u00e4n menness\u00e4 johtaa j\u00e4senen erottamiseen. Hallitus voi hyv\u00e4ksy\u00e4 j\u00e4senen uudelleen j\u00e4seneksi.<\/p>\n<p>KILLAN TOIMIELIMET<\/p>\n<p>5 \u00a7<br \/>\nKillan toimintaa johtaa Killan syyskokouksen valitsema hallitus,\u00a0johon kuuluu puheenjohtaja ja v\u00e4hint\u00e4\u00e4n viisi (5) ja enint\u00e4\u00e4n\u00a0yksitoista (11) muuta j\u00e4sent\u00e4. Hallituksen j\u00e4senet valitaan vuodeksi\u00a0kerrallaan. Hallitus valitsee keskuudestaan puheenjohtajan ja\u00a0varapuheenjohtajan j\u00e4rjest\u00e4ytymiskokouksessa, joka pidet\u00e4\u00e4n\u00a0v\u00e4litt\u00f6m\u00e4sti syyskokouksen j\u00e4lkeen. Hallitus valitsee Killan\u00a0j\u00e4senist\u00f6st\u00e4 tarpeelliset toimikunnat ja toimihenkil\u00f6t.<\/p>\n<p>6 \u00a7<br \/>\nHallitus kokoontuu puheenjohtajan kutsusta tarpeen vaatiessa tai kun v\u00e4hint\u00e4\u00e4n kolme (3) hallituksen j\u00e4sent\u00e4 sit\u00e4 kirjallisesti\u00a0ilmoittamansa asian k\u00e4sittely\u00e4 varten vaatii. Kokoontumisen on\u00a0tapahduttava vaadittaessa viimeist\u00e4\u00e4n 14 vuorokauden kuluessa<br \/>\nvaatimuksen esitt\u00e4misest\u00e4. Hallitus on p\u00e4\u00e4t\u00f6svaltainen kun\u00a0puheenjohtaja tai varapuheenjohtaja sek\u00e4 v\u00e4hint\u00e4\u00e4n puolet muista sen\u00a0j\u00e4senist\u00e4 on saapuvilla. Hallituksen kokouksissa asiat ratkaistaan\u00a0yksinkertaisella \u00e4\u00e4nten enemmist\u00f6ll\u00e4. \u00c4\u00e4nten menness\u00e4 tasan\u00a0ratkaisee puheenjohtajan \u00e4\u00e4ni, vaaleissa kuitenkin arpa.<\/p>\n<p>7 \u00a7<br \/>\nHallituksen teht\u00e4v\u00e4n\u00e4 on:<br \/>\n1. Johtaa Killan toimintaa sen tarkoitusperien toteuttamiseksi.<br \/>\n2. Edustaa Kiltaa, tehd\u00e4 Killan puolesta sitoumuksia sek\u00e4 esiinty\u00e4 Killan puolesta kantajana ja vastaajana.<br \/>\n3. Kutsua Kilta kokouksiin ja valmistella niiss\u00e4 k\u00e4sitelt\u00e4v\u00e4t asiat.<br \/>\n4. Toimeenpanna Killan kokousten tekem\u00e4t p\u00e4\u00e4t\u00f6kset.<br \/>\n5. Vastata Killan rahavarojen ja muun omaisuuden hoitamisesta sek\u00e4\u00a0j\u00e4senmaksujen perimisest\u00e4.<br \/>\n6. Valita tarpeelliset toimihenkil\u00f6t ja toimikuntien j\u00e4senet sek\u00e4\u00a0m\u00e4\u00e4r\u00e4t\u00e4 heid\u00e4n palkkionsa ja palkkansa tulo- ja menoarvion rajoissa.<br \/>\n7. P\u00e4\u00e4tt\u00e4\u00e4 j\u00e4seneksi ottamisesta ja j\u00e4senyydest\u00e4 erottamisesta ja\u00a0pit\u00e4\u00e4 j\u00e4senluetteloa.<br \/>\n8. Laatia Killan toiminta- ja tilikertomukset sek\u00e4 tilinp\u00e4\u00e4t\u00f6kset.<br \/>\n9. Laatia ehdotus Killan toimintasuunnitelmaksi ja talousarvioksi.<br \/>\n10. Hoitaa muut Kiltaa koskevat asiat.<\/p>\n<p>KOKOUKSET<\/p>\n<p>8 \u00a7<br \/>\nKillan kutsuu s\u00e4\u00e4nt\u00f6m\u00e4\u00e4r\u00e4iseen tai ylim\u00e4\u00e4r\u00e4iseen kokoukseen hallitus ilmoittamalla siit\u00e4 j\u00e4senille Killan voimassaolevilla internet-sivuilla tai henkil\u00f6kohtaisella kirjallisella kutsulla tai niille j\u00e4senille, jotka ovat ilmoittaneet yhdistykselle s\u00e4hk\u00f6postiosoitteensa, s\u00e4hk\u00f6postitse toimitetulla kutsulla\u00a0viimeist\u00e4\u00e4n kolmekymment\u00e4 (30) vuorokautta ennen kokousta.\u00a0Kokouksen osallistujiksi katsotaan paikalla olevat j\u00e4senet ja<br \/>\nvaltakirjalla osallistuvat j\u00e4senet.<\/p>\n<p>9 \u00a7<br \/>\nKillan kev\u00e4tkokouksessa, joka pidet\u00e4\u00e4n toukokuun loppuun menness\u00e4 k\u00e4sitell\u00e4\u00e4n seuraavat asiat:<br \/>\n1. Valitaan kokouksen puheenjohtaja, sihteeri, kaksi (2) p\u00f6yt\u00e4kirjan tarkastajaa ja kaksi (2) \u00e4\u00e4ntenlaskijaa.<br \/>\n2. Todetaan kokouksen laillisuus.<br \/>\n3. Esitet\u00e4\u00e4n Killan toimintakertomus sek\u00e4 Killan tilinp\u00e4\u00e4t\u00f6s ja toiminnantarkastajan niist\u00e4 antama lausunto.<br \/>\n4. P\u00e4\u00e4tet\u00e4\u00e4n tilinp\u00e4\u00e4t\u00f6ksen vahvistamisesta ja vastuuvapauden my\u00f6nt\u00e4misest\u00e4 hallitukselle ja muille tilivelvollisille.<br \/>\n5. K\u00e4sitell\u00e4\u00e4n muut kokouskutsussa mainitut asiat.<\/p>\n<p>10 \u00a7<br \/>\nKillan syyskokouksessa, joka pidet\u00e4\u00e4n aikaisintaan syyskuussa ja viimeist\u00e4\u00e4n marraskuun loppuun menness\u00e4, k\u00e4sitell\u00e4\u00e4n seuraavat\u00a0asiat:<br \/>\n1. Valitaan kokouksen puheenjohtaja, sihteeri, kaksi (2) p\u00f6yt\u00e4kirjan\u00a0tarkastajaa ja kaksi (2) \u00e4\u00e4ntenlaskijaa.<br \/>\n2. Todetaan kokouksen laillisuus.<br \/>\n3. Vahvistetaan toimintasuunnitelma ja tulo- ja menoarvio sek\u00e4 j\u00e4senmaksujen suuruudet seuraavaksi kalenterivuodeksi.<br \/>\n4. P\u00e4\u00e4tet\u00e4\u00e4n hallituksen j\u00e4senten lukum\u00e4\u00e4r\u00e4.<br \/>\n5. Valitaan hallituksen j\u00e4senet.<br \/>\n6. Valitaan toiminnantarkastaja ja h\u00e4nelle varahenkil\u00f6.<br \/>\n7. K\u00e4sitell\u00e4\u00e4n muut kokouskutsussa mainitut asiat.<\/p>\n<p>11 \u00a7<br \/>\nKillan ylim\u00e4\u00e4r\u00e4inen kokous pidet\u00e4\u00e4n kun hallitus pit\u00e4\u00e4 sit\u00e4 tarpeellisena tai kun v\u00e4hint\u00e4\u00e4n 1\/10 Killan \u00e4\u00e4nioikeutetuista j\u00e4senist\u00e4 sit\u00e4 erikseen ilmoittamansa asian k\u00e4sittely\u00e4 varten<br \/>\nhallitukselta kirjallisesti pyyt\u00e4\u00e4.<\/p>\n<p>TILIT JA NIMENKIRJOITTAMINEN<\/p>\n<p>12 \u00a7<br \/>\nKillan tilikausi on kalenterivuosi. Killan tilinp\u00e4\u00e4t\u00f6s, tilit, toimintakertomus ja muut tarpeelliset asiakirjat on kuukautta ennen kev\u00e4tkokousta j\u00e4tett\u00e4v\u00e4 toiminnantarkastajalle, jonka tulee antaa tarkastuskertomuksensa hallitukselle viimeist\u00e4\u00e4n kaksi (2) viikkoa ennen kev\u00e4tkokousta.<\/p>\n<p>13 \u00a7<br \/>\nKillan nimen kirjoittavat puheenjohtaja yhdess\u00e4 varapuheenjohtajan tai muun hallituksen m\u00e4\u00e4r\u00e4\u00e4m\u00e4n hallituksen j\u00e4senen tai Killan toimihenkil\u00f6n kanssa tahi joku heist\u00e4 yhdess\u00e4 sihteerin tai rahastonhoitajan kanssa.<\/p>\n<p>S\u00c4\u00c4NT\u00d6JEN MUUTTAMINEN JA KILLAN PURKAMINEN<\/p>\n<p>14 \u00a7<br \/>\nEhdotukset, jotka tarkoittavat n\u00e4iden s\u00e4\u00e4nt\u00f6jen muuttamista, tulevat hyv\u00e4ksytyiksi, jos v\u00e4hint\u00e4\u00e4n 3\/4 Killan kokouksessa annetuista \u00e4\u00e4nist\u00e4 niit\u00e4 kannattaa. S\u00e4\u00e4nt\u00f6jen muuttamisesta on mainittava kokouskutsussa.<\/p>\n<p>15 \u00a7<br \/>\nEhdotus, joka tarkoittaa Killan purkamista, tulee hyv\u00e4ksytyksi, jos v\u00e4hint\u00e4\u00e4n 3\/4 Killan kokouksessa annetuista \u00e4\u00e4nist\u00e4 sit\u00e4 kannattaa. Killan purkamisesta on mainittava kokouskutsussa.<\/p>\n<p>16 \u00a7<br \/>\nJos Kilta purkautuu tai lakkautetaan, sen omaisuus luovutetaan Killan purkamiskokouksen erikseen p\u00e4\u00e4tt\u00e4m\u00e4ll\u00e4 tavalla Killan tarkoituksen edist\u00e4miseen.<\/p>\n","protected":false},"excerpt":{"rendered":"<p>S\u00e4\u00e4nn\u00f6t Voimassaolevat s\u00e4\u00e4nn\u00f6t: 05.02.2021 NIMI JA KOTIPAIKKA 1 \u00a7 Yhdistyksen nimi on TARKKA-AMPUJAKILTA ry ja sen kotipaikka on Helsinki. Yhdistyksest\u00e4 k\u00e4ytet\u00e4\u00e4n n\u00e4iss\u00e4 s\u00e4\u00e4nn\u00f6iss\u00e4 nimityst\u00e4 Kilta. TARKOITUS JA TOIMINTA 2 \u00a7 Kilta toimii valtakunnan virallisen turvallisuuspolitiikan periaatteiden mukaisesti. Se pyrkii kasvattamaan maanpuolustustahtoa, lis\u00e4\u00e4m\u00e4\u00e4n tarkka-ammuntatietoutta ja j\u00e4senten\u00a0sotilaallisia valmiuksia, edist\u00e4m\u00e4\u00e4n tarkka-ammuntaharrastusta sek\u00e4\u00a0tekem\u00e4\u00e4n tunnetuksi Suomen turvallisuuspolitiikan historiallista\u00a0taustaa ja nykyisyytt\u00e4.&hellip;&nbsp;<a href=\"https:\/\/www.takilta.fi\/?page_id=161\" rel=\"bookmark\">Lue lis\u00e4\u00e4 &raquo;<span class=\"screen-reader-text\">S\u00e4\u00e4nn\u00f6t<\/span><\/a><\/p>\n","protected":false},"author":1,"featured_media":0,"parent":0,"menu_order":0,"comment_status":"closed","ping_status":"closed","template":"","meta":{"_crdt_document":"","neve_meta_sidebar":"","neve_meta_container":"","neve_meta_enable_content_width":"","neve_meta_content_width":70,"neve_meta_title_alignment":"","neve_meta_author_avatar":"","neve_post_elements_order":"","neve_meta_disable_header":"","neve_meta_disable_footer":"","neve_meta_disable_title":"","footnotes":""},"class_list":["post-161","page","type-page","status-publish","hentry"],"_links":{"self":[{"href":"https:\/\/www.takilta.fi\/index.php?rest_route=\/wp\/v2\/pages\/161","targetHints":{"allow":["GET"]}}],"collection":[{"href":"https:\/\/www.takilta.fi\/index.php?rest_route=\/wp\/v2\/pages"}],"about":[{"href":"https:\/\/www.takilta.fi\/index.php?rest_route=\/wp\/v2\/types\/page"}],"author":[{"embeddable":true,"href":"https:\/\/www.takilta.fi\/index.php?rest_route=\/wp\/v2\/users\/1"}],"replies":[{"embeddable":true,"href":"https:\/\/www.takilta.fi\/index.php?rest_route=%2Fwp%2Fv2%2Fcomments&post=161"}],"version-history":[{"count":8,"href":"https:\/\/www.takilta.fi\/index.php?rest_route=\/wp\/v2\/pages\/161\/revisions"}],"predecessor-version":[{"id":296,"href":"https:\/\/www.takilta.fi\/index.php?rest_route=\/wp\/v2\/pages\/161\/revisions\/296"}],"wp:attachment":[{"href":"https:\/\/www.takilta.fi\/index.php?rest_route=%2Fwp%2Fv2%2Fmedia&parent=161"}],"curies":[{"name":"wp","href":"https:\/\/api.w.org\/{rel}","templated":true}]}}